{"id":51,"date":"2023-11-28T16:36:38","date_gmt":"2023-11-28T16:36:38","guid":{"rendered":"http:\/\/francis.mikimalio.com\/domains\/francis.mikimalio.com\/?page_id=7"},"modified":"2026-04-14T19:33:24","modified_gmt":"2026-04-14T17:33:24","slug":"home","status":"publish","type":"page","link":"https:\/\/fredrikfriele.no\/","title":{"rendered":"Hjem"},"content":{"rendered":"\n<div class=\"wp-block-group alignfull has-global-padding is-layout-constrained wp-block-group-is-layout-constrained\" style=\"min-height:100vh\">\n<div class=\"wp-block-columns alignfull is-layout-flex wp-container-core-columns-is-layout-28f84493 wp-block-columns-is-layout-flex\">\n<div class=\"wp-block-column mobile-display-none is-layout-flow wp-block-column-is-layout-flow\"><\/div>\n\n\n\n<div class=\"wp-block-column is-layout-flow wp-block-column-is-layout-flow\">\n<div class=\"wp-block-cover is-light wp-duotone-unset-1\" style=\"min-height:100vh;aspect-ratio:unset;\"><img loading=\"lazy\" decoding=\"async\" width=\"697\" height=\"1024\" class=\"wp-block-cover__image-background wp-image-381 size-large\" alt=\"\" src=\"https:\/\/fredrikfriele.no\/wp-content\/uploads\/2026\/04\/366744102_10158993543240633_7860004641930644051_n-697x1024.jpg\" data-object-fit=\"cover\" srcset=\"https:\/\/fredrikfriele.no\/wp-content\/uploads\/2026\/04\/366744102_10158993543240633_7860004641930644051_n-697x1024.jpg 697w, https:\/\/fredrikfriele.no\/wp-content\/uploads\/2026\/04\/366744102_10158993543240633_7860004641930644051_n-204x300.jpg 204w, https:\/\/fredrikfriele.no\/wp-content\/uploads\/2026\/04\/366744102_10158993543240633_7860004641930644051_n-768x1128.jpg 768w, https:\/\/fredrikfriele.no\/wp-content\/uploads\/2026\/04\/366744102_10158993543240633_7860004641930644051_n-1046x1536.jpg 1046w, https:\/\/fredrikfriele.no\/wp-content\/uploads\/2026\/04\/366744102_10158993543240633_7860004641930644051_n.jpg 1394w\" sizes=\"auto, (max-width: 697px) 100vw, 697px\" \/><span aria-hidden=\"true\" class=\"wp-block-cover__background has-background-dim-0 has-background-dim\" style=\"background-color:#dedede\"><\/span><div class=\"wp-block-cover__inner-container has-global-padding is-layout-constrained wp-block-cover-is-layout-constrained\">\n<p class=\"has-text-align-center has-large-font-size\"><\/p>\n<\/div><\/div>\n<\/div>\n<\/div>\n<\/div>\n\n\n\n<div class=\"wp-block-group alignfull absolute top-0 left-0 mobile-white has-global-padding is-layout-constrained wp-block-group-is-layout-constrained\">\n<div class=\"wp-block-group alignwide has-global-padding is-layout-constrained wp-block-group-is-layout-constrained\">\n<div class=\"wp-block-columns is-layout-flex wp-container-core-columns-is-layout-28f84493 wp-block-columns-is-layout-flex\">\n<div class=\"wp-block-column hp-mobile is-layout-flow wp-block-column-is-layout-flow\" style=\"flex-basis:45%\">\n<div style=\"height:35vh\" aria-hidden=\"true\" class=\"wp-block-spacer\"><\/div>\n\n\n\n<h1 class=\"wp-block-heading\"><br>Jeg lager innhold som gj\u00f8r jobben.<\/h1>\n\n\n\n<p style=\"margin-top:var(--wp--preset--spacing--30);margin-bottom:var(--wp--preset--spacing--30)\"><br>Kreativitet med struktur og strategi. Jeg skaper foto- og videoinnhold som b\u00e5de ser bra ut og gir varig effekt for kundene mine.<\/p>\n\n\n\n<div class=\"wp-block-buttons is-layout-flex wp-block-buttons-is-layout-flex\" style=\"margin-top:var(--wp--preset--spacing--40);margin-bottom:var(--wp--preset--spacing--40)\">\n<div class=\"wp-block-button is-style-fill\"><a class=\"wp-block-button__link wp-element-button\" href=\"mailto:fredrikfriele@gmail.com\">Kontakt<\/a><\/div>\n\n\n\n<div class=\"wp-block-button\"><a class=\"wp-block-button__link wp-element-button\" href=\"https:\/\/fredrikfriele.no\/?page_id=302\">Tjenester<\/a><\/div>\n<\/div>\n<\/div>\n\n\n\n<div class=\"wp-block-column is-layout-flow wp-block-column-is-layout-flow\"><\/div>\n<\/div>\n<\/div>\n<\/div>\n\n\n\n<div aria-hidden=\"true\" class=\"wp-block-fsb-flexible-spacer fsb-flexible-spacer\"><div class=\"fsb-flexible-spacer__device fsb-flexible-spacer__device--lg\" style=\"height:6rem\"><\/div><div class=\"fsb-flexible-spacer__device fsb-flexible-spacer__device--md\" style=\"height:4rem\"><\/div><div class=\"fsb-flexible-spacer__device fsb-flexible-spacer__device--sm\" style=\"height:3rem\"><\/div><\/div>\n\n\n\n<div class=\"wp-block-columns is-layout-flex wp-container-core-columns-is-layout-28f84493 wp-block-columns-is-layout-flex\">\n<div class=\"wp-block-column is-layout-flow wp-block-column-is-layout-flow\" style=\"flex-basis:10%\"><\/div>\n\n\n\n<div class=\"wp-block-column is-layout-flow wp-block-column-is-layout-flow\" style=\"flex-basis:85%\">\n<div class=\"wp-block-columns is-layout-flex wp-container-core-columns-is-layout-7fc3d43a wp-block-columns-is-layout-flex\">\n<div class=\"wp-block-column is-layout-flow wp-block-column-is-layout-flow\">\n<h3 class=\"wp-block-heading\"><br>Vis det skikkelig.<\/h3>\n<\/div>\n\n\n\n<div class=\"wp-block-column is-layout-flow wp-block-column-is-layout-flow\">\n<p style=\"line-height:1.7\"><strong>Jeg jobber med bedrifter som trenger:<br><\/strong><br>\u25cb Innhold til nettsider<br>\u25cb Sosiale medier<br>\u25cb Kampanjer og annonser &nbsp;<br>\u25cb Dokumentasjon av produksjon og prosesser<\/p>\n\n\n\n<p style=\"line-height:1.7\">Med solid erfaring fra kunder p\u00e5 tvers av ulike bransjer, er jeg opptatt av \u00e5 levere l\u00f8sninger som l\u00f8fter merkevarer og gir et varig inntrykk.<\/p>\n<\/div>\n<\/div>\n<\/div>\n\n\n\n<div class=\"wp-block-column is-layout-flow wp-block-column-is-layout-flow\" style=\"flex-basis:5%\"><\/div>\n<\/div>\n\n\n\n<div aria-hidden=\"true\" class=\"wp-block-fsb-flexible-spacer fsb-flexible-spacer\"><div class=\"fsb-flexible-spacer__device fsb-flexible-spacer__device--lg\" style=\"height:6rem\"><\/div><div class=\"fsb-flexible-spacer__device fsb-flexible-spacer__device--md\" style=\"height:4rem\"><\/div><div class=\"fsb-flexible-spacer__device fsb-flexible-spacer__device--sm\" style=\"height:3rem\"><\/div><\/div>\n\n\n\n<h2 class=\"wp-block-heading has-text-align-center\">Kunder<\/h2>\n\n\n\n<div aria-hidden=\"true\" class=\"wp-block-fsb-flexible-spacer fsb-flexible-spacer\"><div class=\"fsb-flexible-spacer__device fsb-flexible-spacer__device--lg\" style=\"height:4rem\"><\/div><div class=\"fsb-flexible-spacer__device fsb-flexible-spacer__device--md\" style=\"height:3rem\"><\/div><div class=\"fsb-flexible-spacer__device fsb-flexible-spacer__device--sm\" style=\"height:2rem\"><\/div><\/div>\n","protected":false},"excerpt":{"rendered":"<p>Jeg lager innhold som gj\u00f8r jobben. Kreativitet med struktur og strategi. Jeg skaper foto- og videoinnhold som b\u00e5de ser bra ut og gir varig effekt for kundene mine. Vis det skikkelig. Jeg jobber med bedrifter som trenger:\u25cb Innhold til nettsider\u25cb Sosiale medier\u25cb Kampanjer og annonser &nbsp;\u25cb Dokumentasjon av produksjon og prosesser Med solid erfaring fra [&hellip;]<\/p>\n","protected":false},"author":1,"featured_media":0,"parent":0,"menu_order":0,"comment_status":"closed","ping_status":"closed","template":"templates\/pages\/portfolio-atbottompage.php","meta":{"footnotes":""},"categories":[],"tags":[],"class_list":["post-51","page","type-page","status-publish","hentry"],"_links":{"self":[{"href":"https:\/\/fredrikfriele.no\/index.php?rest_route=\/wp\/v2\/pages\/51","targetHints":{"allow":["GET"]}}],"collection":[{"href":"https:\/\/fredrikfriele.no\/index.php?rest_route=\/wp\/v2\/pages"}],"about":[{"href":"https:\/\/fredrikfriele.no\/index.php?rest_route=\/wp\/v2\/types\/page"}],"author":[{"embeddable":true,"href":"https:\/\/fredrikfriele.no\/index.php?rest_route=\/wp\/v2\/users\/1"}],"replies":[{"embeddable":true,"href":"https:\/\/fredrikfriele.no\/index.php?rest_route=%2Fwp%2Fv2%2Fcomments&post=51"}],"version-history":[{"count":49,"href":"https:\/\/fredrikfriele.no\/index.php?rest_route=\/wp\/v2\/pages\/51\/revisions"}],"predecessor-version":[{"id":548,"href":"https:\/\/fredrikfriele.no\/index.php?rest_route=\/wp\/v2\/pages\/51\/revisions\/548"}],"wp:attachment":[{"href":"https:\/\/fredrikfriele.no\/index.php?rest_route=%2Fwp%2Fv2%2Fmedia&parent=51"}],"wp:term":[{"taxonomy":"category","embeddable":true,"href":"https:\/\/fredrikfriele.no\/index.php?rest_route=%2Fwp%2Fv2%2Fcategories&post=51"},{"taxonomy":"post_tag","embeddable":true,"href":"https:\/\/fredrikfriele.no\/index.php?rest_route=%2Fwp%2Fv2%2Ftags&post=51"}],"curies":[{"name":"wp","href":"https:\/\/api.w.org\/{rel}","templated":true}]}}