{"id":302,"date":"2023-11-29T10:51:41","date_gmt":"2023-11-29T10:51:41","guid":{"rendered":"http:\/\/francis.mikimalio.com\/domains\/francis.mikimalio.com\/?page_id=302"},"modified":"2026-04-19T10:44:22","modified_gmt":"2026-04-19T08:44:22","slug":"about","status":"publish","type":"page","link":"https:\/\/fredrikfriele.no\/?page_id=302","title":{"rendered":"Om"},"content":{"rendered":"\n<div style=\"height:8rem\" aria-hidden=\"true\" class=\"wp-block-spacer\"><\/div>\n\n\n\n<div class=\"wp-block-columns is-layout-flex wp-container-core-columns-is-layout-28f84493 wp-block-columns-is-layout-flex\">\n<div class=\"wp-block-column is-layout-flow wp-block-column-is-layout-flow\">\n<p><\/p>\n\n\n\n<h4 class=\"wp-block-heading\"><br>Mange skaper pent innhold. F\u00e5 lager innhold som faktisk flytter tall.<\/h4>\n\n\n\n<p>Med 10 \u00e5rs erfaring fra bransjen, og daglig jobb i <a href=\"http:\/\/vinnvinnreklame.no\">VinnVinn Reklame<\/a>, et fullskala reklamebyr\u00e5 i Trondheim \u2013 har jeg v\u00e6rt med p\u00e5 alt fra store kampanjer for nasjonale merkevarer til mindre produksjoner for lokale bedrifter. Jeg har jobbet med matprodusenter, byggevare, h\u00e5ndverkere, restauranter, eiendomsakt\u00f8rer og mye annet.<\/p>\n\n\n\n<p>Det har l\u00e6rt meg \u00e9n ting: Det holder ikke at innholdet ser bra ut. Det m\u00e5 gj\u00f8re jobben. Jeg tenker resultater f\u00f8rst, estetikk etter \u2013 men begge deler m\u00e5 v\u00e6re p\u00e5 plass.<\/p>\n\n\n\n<p>Jeg jobber b\u00e5de kommersielt og med privatpersoner.<br><br><a href=\"https:\/\/fredrikfriele.no\/?page_id=583\">Ta kontakt.<\/a><\/p>\n<\/div>\n\n\n\n<div class=\"wp-block-column is-layout-flow wp-block-column-is-layout-flow\">\n<figure class=\"wp-block-image alignright size-large is-style-default wp-duotone-unset-1\"><img loading=\"lazy\" decoding=\"async\" width=\"576\" height=\"1024\" src=\"https:\/\/fredrikfriele.no\/wp-content\/uploads\/2026\/04\/DSC9865-copy-576x1024.jpg\" alt=\"\" class=\"wp-image-560\" srcset=\"https:\/\/fredrikfriele.no\/wp-content\/uploads\/2026\/04\/DSC9865-copy-576x1024.jpg 576w, https:\/\/fredrikfriele.no\/wp-content\/uploads\/2026\/04\/DSC9865-copy-169x300.jpg 169w, https:\/\/fredrikfriele.no\/wp-content\/uploads\/2026\/04\/DSC9865-copy-768x1365.jpg 768w, https:\/\/fredrikfriele.no\/wp-content\/uploads\/2026\/04\/DSC9865-copy-864x1536.jpg 864w, https:\/\/fredrikfriele.no\/wp-content\/uploads\/2026\/04\/DSC9865-copy.jpg 900w\" sizes=\"auto, (max-width: 576px) 100vw, 576px\" \/><\/figure>\n<\/div>\n<\/div>\n","protected":false},"excerpt":{"rendered":"<p>Mange skaper pent innhold. F\u00e5 lager innhold som faktisk flytter tall. Med 10 \u00e5rs erfaring fra bransjen, og daglig jobb i VinnVinn Reklame, et fullskala reklamebyr\u00e5 i Trondheim \u2013 har jeg v\u00e6rt med p\u00e5 alt fra store kampanjer for nasjonale merkevarer til mindre produksjoner for lokale bedrifter. Jeg har jobbet med matprodusenter, byggevare, h\u00e5ndverkere, restauranter, [&hellip;]<\/p>\n","protected":false},"author":1,"featured_media":0,"parent":0,"menu_order":0,"comment_status":"closed","ping_status":"closed","template":"","meta":{"footnotes":""},"categories":[],"tags":[],"class_list":["post-302","page","type-page","status-publish","hentry"],"_links":{"self":[{"href":"https:\/\/fredrikfriele.no\/index.php?rest_route=\/wp\/v2\/pages\/302","targetHints":{"allow":["GET"]}}],"collection":[{"href":"https:\/\/fredrikfriele.no\/index.php?rest_route=\/wp\/v2\/pages"}],"about":[{"href":"https:\/\/fredrikfriele.no\/index.php?rest_route=\/wp\/v2\/types\/page"}],"author":[{"embeddable":true,"href":"https:\/\/fredrikfriele.no\/index.php?rest_route=\/wp\/v2\/users\/1"}],"replies":[{"embeddable":true,"href":"https:\/\/fredrikfriele.no\/index.php?rest_route=%2Fwp%2Fv2%2Fcomments&post=302"}],"version-history":[{"count":42,"href":"https:\/\/fredrikfriele.no\/index.php?rest_route=\/wp\/v2\/pages\/302\/revisions"}],"predecessor-version":[{"id":659,"href":"https:\/\/fredrikfriele.no\/index.php?rest_route=\/wp\/v2\/pages\/302\/revisions\/659"}],"wp:attachment":[{"href":"https:\/\/fredrikfriele.no\/index.php?rest_route=%2Fwp%2Fv2%2Fmedia&parent=302"}],"wp:term":[{"taxonomy":"category","embeddable":true,"href":"https:\/\/fredrikfriele.no\/index.php?rest_route=%2Fwp%2Fv2%2Fcategories&post=302"},{"taxonomy":"post_tag","embeddable":true,"href":"https:\/\/fredrikfriele.no\/index.php?rest_route=%2Fwp%2Fv2%2Ftags&post=302"}],"curies":[{"name":"wp","href":"https:\/\/api.w.org\/{rel}","templated":true}]}}